{"id":282,"date":"2025-03-09T18:56:13","date_gmt":"2025-03-09T17:56:13","guid":{"rendered":"http:\/\/lyulewc.cluster100.hosting.ovh.net\/?page_id=282"},"modified":"2025-03-14T15:12:10","modified_gmt":"2025-03-14T14:12:10","slug":"histoire-de-la-confrerie","status":"publish","type":"page","link":"https:\/\/royale-confrerie-maitrank.be\/index.php\/la-confrerie\/histoire-de-la-confrerie\/","title":{"rendered":"Histoire de la Confr\u00e9rie"},"content":{"rendered":"\t\t<div data-elementor-type=\"wp-page\" data-elementor-id=\"282\" class=\"elementor elementor-282\" data-elementor-post-type=\"page\">\n\t\t\t\t<div class=\"elementor-element elementor-element-4e160234 e-con-full e-flex e-con e-parent\" data-id=\"4e160234\" data-element_type=\"container\" data-settings=\"{&quot;background_background&quot;:&quot;classic&quot;}\">\n\t\t\t\t<\/div>\n\t\t<div class=\"elementor-element elementor-element-74082dc3 e-con-full e-flex e-con e-parent\" data-id=\"74082dc3\" data-element_type=\"container\" data-settings=\"{&quot;background_background&quot;:&quot;classic&quot;}\">\n\t\t\t\t<div class=\"elementor-element elementor-element-35f80d40 elementor-widget elementor-widget-heading\" data-id=\"35f80d40\" data-element_type=\"widget\" data-widget_type=\"heading.default\">\n\t\t\t\t<div class=\"elementor-widget-container\">\n\t\t\t\t\t<h1 class=\"elementor-heading-title elementor-size-default\">L'Histoire de la Confr\u00e9rie<\/h1>\t\t\t\t<\/div>\n\t\t\t\t<\/div>\n\t\t\t\t<\/div>\n\t\t<div class=\"elementor-element elementor-element-f7f1963 e-flex e-con-boxed e-con e-parent\" data-id=\"f7f1963\" data-element_type=\"container\">\n\t\t\t\t\t<div class=\"e-con-inner\">\n\t\t\t\t<div class=\"elementor-element elementor-element-a29fa42 elementor-widget elementor-widget-heading\" data-id=\"a29fa42\" data-element_type=\"widget\" data-widget_type=\"heading.default\">\n\t\t\t\t<div class=\"elementor-widget-container\">\n\t\t\t\t\t<h2 class=\"elementor-heading-title elementor-size-default\">De l\u2019origine \u00e0 la fondation<\/h2>\t\t\t\t<\/div>\n\t\t\t\t<\/div>\n\t\t\t\t<div class=\"elementor-element elementor-element-ec298c6 elementor-widget elementor-widget-text-editor\" data-id=\"ec298c6\" data-element_type=\"widget\" data-widget_type=\"text-editor.default\">\n\t\t\t\t<div class=\"elementor-widget-container\">\n\t\t\t\t\t\t\t\t\t<p>En 1947, la ville d\u2019ARLON mettait en place une \u201c Commission communale des F\u00eates \u201c qui \u00e9tait charg\u00e9e de coordonner les manifestations locales organis\u00e9es par une multitude de soci\u00e9t\u00e9s et groupements patriotiques pour faire oublier \u00e0 la population les affres de la guerre.<\/p><p>En 1955, Ren\u00e9 HUSSIN, pr\u00e9sident de l\u2019Amicale des sous-officiers, annon\u00e7a \u00e0 la Commission communale des F\u00eates que la ville d\u2019ARLON avait \u00e9t\u00e9 choisie pour \u00eatre le th\u00e9\u00e2tre du 23\u00e8me congr\u00e8s des sous-officiers et lui exposa une \u00e9bauche de programme.<\/p><p>La Commission communale des F\u00eates estima qu\u2019il fallait laisser \u00e0 tous ces militaires un souvenir imp\u00e9rissable de leur congr\u00e8s \u00e0 ARLON et que le meilleur moyen d\u2019y parvenir \u00e9tait de leur faire d\u00e9couvrir leur divine boisson. Il fut d\u00e9cid\u00e9 de remplacer le tournoi de Football habituel par LA JOURN\u00c9E DU MAITRANK ET DU GEN\u00caT.<\/p><p>Cette premi\u00e8re F\u00eate du Maitrank connut un immense succ\u00e8s de foule et le MAITRANK fut appr\u00e9ci\u00e9 d\u00e8s les premiers verres. Il coula \u00e0 grands flots aussi bien dans les gosiers militaires que dans ceux des habitants. Devant l\u2019\u00e9norme succ\u00e8s de cette premi\u00e8re F\u00eate du MAITRANK, la Commission des F\u00eates d\u00e9cida de la p\u00e9renniser en l\u2019organisant syst\u00e9matiquement chaque ann\u00e9e au mois de mai.<\/p><p>Emile LAMBERT, qui avait succ\u00e9d\u00e9 \u00e0 Julien BREYER \u00e0 la pr\u00e9sidence de la Commission des F\u00eates en 1960, pensait qu\u2019il fallait encore mieux faire conna\u00eetre la ville d\u2019ARLON par le truchement du MAITRANK et que le meilleur moyen d\u2019y parvenir \u00e9tait la cr\u00e9ation d\u2019une confr\u00e9rie. Il \u00e9crivit \u00e0 M. Cl\u00e9ment MORRAYE, pr\u00e9sident de l\u2019Acad\u00e9mie des Vins de Belgique et \u00e0 M. Daniel QUERRE, procureur-syndic de la Jurade de Saint-Emilion. Il alla voir Louis OLIVIER \u00e0 BASTOGNE qui avait d\u00e9j\u00e0 sa Confr\u00e9rie des HERDIERS et Joseph BRESMAL \u00e0 MARCHE qui avait cr\u00e9\u00e9 sa Confr\u00e9rie du MATOUF\u00c9. Il en revint plus enthousiasm\u00e9 que jamais. Il alla trouver le bourgmestre Charles SIMON qui fut convaincu et lui donna sa b\u00e9n\u00e9diction. Fort de cet appui, il constitua un petit comit\u00e9 de bourgeois de la ville qui pensaient qu\u2019il fallait prendre le temps de bien faire les choses. Ce n\u2019\u00e9tait pas l\u2019avis de la Commission communale des F\u00eates qui estimait qu\u2019il fallait avancer rapidement et que c\u2019\u00e9tait \u00e0 elle, et uniquement \u00e0 elle, qu\u2019il revenait le droit de cr\u00e9er une confr\u00e9rie.<\/p><p><span style=\"font-weight: 600;\">Il en fut ainsi et\u2026 la Commission communale des F\u00eates cr\u00e9a la Confr\u00e9rie du Maitrank en 2 mois !<\/span><\/p><p>Le dimanche 26 avril fut organis\u00e9e la d\u00e9gustation du premier cru et le dimanche 24 mai 1964 eut lieu le 1er chapitre de la CONFRERIE DU MAITRANK D\u2019ARLON sous le parrainage de la CONFRERIE DU MATOUFE DE MARCHE et en pr\u00e9sence de la CONFRERIE DES HERDIERS DE BASTOGNE.<\/p><p>Apr\u00e8s l\u2019introduction faite par Emile LAMBERT, c\u2019est notre confr\u00e8re Georges HUMBLET, commer\u00e7ant en \u00e9lectrom\u00e9nager dans la Grand-rue d\u2019ARLON et membre de la Commission des F\u00eates, qui appela et pr\u00e9senta le premier Grand Bailli, le bourgmestre Charles SIMON. Il lui fit pr\u00eater le serment qui avait \u00e9t\u00e9 compos\u00e9 par Albert GIOT. Apr\u00e8s quoi, M. DEGELING, plombier et chauffagiste qui tenait un magasin de sanitaires \u00e0 la rue G\u00e9n\u00e9ral Molitor, membre \u00e9galement de la Commission des F\u00eates, passa le collier de la Confr\u00e9rie au cou du premier \u00ab patron \u00bb de la Confr\u00e9rie et l\u2019invita \u00e0 boire une grande coupe de MAITRANK.<\/p><p>Charles SIMON, premier Grand Bailli, intronisa ensuite Emile LAMBERT, Pr\u00e9sident de la Commission communale des F\u00eates, en qualit\u00e9 de 1er Grand Echanson et ensuite Albert GIOT, journaliste et vice-pr\u00e9sident de la Commission communale des F\u00eates, en qualit\u00e9 de Grand Tabellion. Il appartenait alors \u00e0 ce dernier d\u2019appeler les autres<\/p>\t\t\t\t\t\t\t\t<\/div>\n\t\t\t\t<\/div>\n\t\t\t\t<div class=\"elementor-element elementor-element-67d466b elementor-widget elementor-widget-heading\" data-id=\"67d466b\" data-element_type=\"widget\" data-widget_type=\"heading.default\">\n\t\t\t\t<div class=\"elementor-widget-container\">\n\t\t\t\t\t<h2 class=\"elementor-heading-title elementor-size-default\">La Confr\u00e9rie aujourd\u2019hui<\/h2>\t\t\t\t<\/div>\n\t\t\t\t<\/div>\n\t\t\t\t<div class=\"elementor-element elementor-element-7f56b9b elementor-widget elementor-widget-text-editor\" data-id=\"7f56b9b\" data-element_type=\"widget\" data-widget_type=\"text-editor.default\">\n\t\t\t\t<div class=\"elementor-widget-container\">\n\t\t\t\t\t\t\t\t\t<p>Le Grand Conseil (conseil d\u2019administration) de la confr\u00e9rie comptait \u00e0 ses d\u00e9buts 9 membres. A ce jour, le conseil d\u2019administration compte 16 administrateurs pour environ 200 membres en ordre de cotisation.<\/p><p>Actuellement, en plus de l\u2019objectif premier de la Confr\u00e9rie qui est de porter haut et loin le renom de la ville d\u2019ARLON, la Confr\u00e9rie du MAITRANK s\u2019est donn\u00e9 un objectif philanthropique qui consiste \u00e0 aider financi\u00e8rement des associations et\/ou groupements \u00e0 caract\u00e8re humanitaire de la grande r\u00e9gion arlonaise et \u00e0 c\u00e9der 10% de ses b\u00e9n\u00e9fices \u00e0 la coop\u00e9ration Nord \u2013 Sud. Pour r\u00e9aliser cet objectif philanthropique, la confr\u00e9rie c\u00e8de la moiti\u00e9 du montant total de ses cotisations annuelles et ajoute \u00e0 cette somme la totalit\u00e9 des b\u00e9n\u00e9fices d\u2019un grand barbecue qu\u2019elle organise sur le site de l\u2019Abbaye de CLAIREFONTAINE gr\u00e2ce \u00e0 l\u2019ASBL AMANOCLAIR (les Amis de l\u2019Abbaye Noble de CLAIREFONTAINE) qui nous c\u00e8de le site pour cette occasion. Nous la remercions de tout coeur.<\/p>\t\t\t\t\t\t\t\t<\/div>\n\t\t\t\t<\/div>\n\t\t\t\t\t<\/div>\n\t\t\t\t<\/div>\n\t\t<div class=\"elementor-element elementor-element-3aece61f e-flex e-con-boxed e-con e-child\" data-id=\"3aece61f\" data-element_type=\"container\">\n\t\t\t\t\t<div class=\"e-con-inner\">\n\t\t\t\t<div class=\"elementor-element elementor-element-4d74a4e4 elementor-widget elementor-widget-button\" data-id=\"4d74a4e4\" data-element_type=\"widget\" data-widget_type=\"button.default\">\n\t\t\t\t<div class=\"elementor-widget-container\">\n\t\t\t\t\t\t\t\t\t<div class=\"elementor-button-wrapper\">\n\t\t\t\t\t<a class=\"elementor-button elementor-button-link elementor-size-sm\" href=\"http:\/\/royale-confrerie-maitrank.be\/index.php\/la-confrerie\/\">\n\t\t\t\t\t\t<span class=\"elementor-button-content-wrapper\">\n\t\t\t\t\t\t<span class=\"elementor-button-icon\">\n\t\t\t\t<svg aria-hidden=\"true\" class=\"e-font-icon-svg e-fas-angle-double-right\" viewBox=\"0 0 448 512\" xmlns=\"http:\/\/www.w3.org\/2000\/svg\"><path d=\"M224.3 273l-136 136c-9.4 9.4-24.6 9.4-33.9 0l-22.6-22.6c-9.4-9.4-9.4-24.6 0-33.9l96.4-96.4-96.4-96.4c-9.4-9.4-9.4-24.6 0-33.9L54.3 103c9.4-9.4 24.6-9.4 33.9 0l136 136c9.5 9.4 9.5 24.6.1 34zm192-34l-136-136c-9.4-9.4-24.6-9.4-33.9 0l-22.6 22.6c-9.4 9.4-9.4 24.6 0 33.9l96.4 96.4-96.4 96.4c-9.4 9.4-9.4 24.6 0 33.9l22.6 22.6c9.4 9.4 24.6 9.4 33.9 0l136-136c9.4-9.2 9.4-24.4 0-33.8z\"><\/path><\/svg>\t\t\t<\/span>\n\t\t\t\t\t\t\t\t\t<span class=\"elementor-button-text\">La Confr\u00e9rie<\/span>\n\t\t\t\t\t<\/span>\n\t\t\t\t\t<\/a>\n\t\t\t\t<\/div>\n\t\t\t\t\t\t\t\t<\/div>\n\t\t\t\t<\/div>\n\t\t\t\t<div class=\"elementor-element elementor-element-3bef40d4 elementor-widget elementor-widget-button\" data-id=\"3bef40d4\" data-element_type=\"widget\" data-widget_type=\"button.default\">\n\t\t\t\t<div class=\"elementor-widget-container\">\n\t\t\t\t\t\t\t\t\t<div class=\"elementor-button-wrapper\">\n\t\t\t\t\t<a class=\"elementor-button elementor-button-link elementor-size-sm\" href=\"http:\/\/royale-confrerie-maitrank.be\/index.php\/la-confrerie\/histoire-de-la-confrerie\/\">\n\t\t\t\t\t\t<span class=\"elementor-button-content-wrapper\">\n\t\t\t\t\t\t<span class=\"elementor-button-icon\">\n\t\t\t\t<svg aria-hidden=\"true\" class=\"e-font-icon-svg e-fas-angle-double-right\" viewBox=\"0 0 448 512\" xmlns=\"http:\/\/www.w3.org\/2000\/svg\"><path d=\"M224.3 273l-136 136c-9.4 9.4-24.6 9.4-33.9 0l-22.6-22.6c-9.4-9.4-9.4-24.6 0-33.9l96.4-96.4-96.4-96.4c-9.4-9.4-9.4-24.6 0-33.9L54.3 103c9.4-9.4 24.6-9.4 33.9 0l136 136c9.5 9.4 9.5 24.6.1 34zm192-34l-136-136c-9.4-9.4-24.6-9.4-33.9 0l-22.6 22.6c-9.4 9.4-9.4 24.6 0 33.9l96.4 96.4-96.4 96.4c-9.4 9.4-9.4 24.6 0 33.9l22.6 22.6c9.4 9.4 24.6 9.4 33.9 0l136-136c9.4-9.2 9.4-24.4 0-33.8z\"><\/path><\/svg>\t\t\t<\/span>\n\t\t\t\t\t\t\t\t\t<span class=\"elementor-button-text\">Son Histoire<\/span>\n\t\t\t\t\t<\/span>\n\t\t\t\t\t<\/a>\n\t\t\t\t<\/div>\n\t\t\t\t\t\t\t\t<\/div>\n\t\t\t\t<\/div>\n\t\t\t\t<div class=\"elementor-element elementor-element-23e03b4e elementor-widget elementor-widget-button\" data-id=\"23e03b4e\" data-element_type=\"widget\" data-widget_type=\"button.default\">\n\t\t\t\t<div class=\"elementor-widget-container\">\n\t\t\t\t\t\t\t\t\t<div class=\"elementor-button-wrapper\">\n\t\t\t\t\t<a class=\"elementor-button elementor-button-link elementor-size-sm\" href=\"http:\/\/royale-confrerie-maitrank.be\/index.php\/la-confrerie\/structure-de-la-confrerie\/\">\n\t\t\t\t\t\t<span class=\"elementor-button-content-wrapper\">\n\t\t\t\t\t\t<span class=\"elementor-button-icon\">\n\t\t\t\t<svg aria-hidden=\"true\" class=\"e-font-icon-svg e-fas-angle-double-right\" viewBox=\"0 0 448 512\" xmlns=\"http:\/\/www.w3.org\/2000\/svg\"><path d=\"M224.3 273l-136 136c-9.4 9.4-24.6 9.4-33.9 0l-22.6-22.6c-9.4-9.4-9.4-24.6 0-33.9l96.4-96.4-96.4-96.4c-9.4-9.4-9.4-24.6 0-33.9L54.3 103c9.4-9.4 24.6-9.4 33.9 0l136 136c9.5 9.4 9.5 24.6.1 34zm192-34l-136-136c-9.4-9.4-24.6-9.4-33.9 0l-22.6 22.6c-9.4 9.4-9.4 24.6 0 33.9l96.4 96.4-96.4 96.4c-9.4 9.4-9.4 24.6 0 33.9l22.6 22.6c9.4 9.4 24.6 9.4 33.9 0l136-136c9.4-9.2 9.4-24.4 0-33.8z\"><\/path><\/svg>\t\t\t<\/span>\n\t\t\t\t\t\t\t\t\t<span class=\"elementor-button-text\">Sa Structure<\/span>\n\t\t\t\t\t<\/span>\n\t\t\t\t\t<\/a>\n\t\t\t\t<\/div>\n\t\t\t\t\t\t\t\t<\/div>\n\t\t\t\t<\/div>\n\t\t\t\t<div class=\"elementor-element elementor-element-4db2e61a elementor-widget elementor-widget-button\" data-id=\"4db2e61a\" data-element_type=\"widget\" data-widget_type=\"button.default\">\n\t\t\t\t<div class=\"elementor-widget-container\">\n\t\t\t\t\t\t\t\t\t<div class=\"elementor-button-wrapper\">\n\t\t\t\t\t<a class=\"elementor-button elementor-button-link elementor-size-sm\" href=\"http:\/\/royale-confrerie-maitrank.be\/index.php\/la-confrerie\/tenues-de-la-confrerie\/\">\n\t\t\t\t\t\t<span class=\"elementor-button-content-wrapper\">\n\t\t\t\t\t\t<span class=\"elementor-button-icon\">\n\t\t\t\t<svg aria-hidden=\"true\" class=\"e-font-icon-svg e-fas-angle-double-right\" viewBox=\"0 0 448 512\" xmlns=\"http:\/\/www.w3.org\/2000\/svg\"><path d=\"M224.3 273l-136 136c-9.4 9.4-24.6 9.4-33.9 0l-22.6-22.6c-9.4-9.4-9.4-24.6 0-33.9l96.4-96.4-96.4-96.4c-9.4-9.4-9.4-24.6 0-33.9L54.3 103c9.4-9.4 24.6-9.4 33.9 0l136 136c9.5 9.4 9.5 24.6.1 34zm192-34l-136-136c-9.4-9.4-24.6-9.4-33.9 0l-22.6 22.6c-9.4 9.4-9.4 24.6 0 33.9l96.4 96.4-96.4 96.4c-9.4 9.4-9.4 24.6 0 33.9l22.6 22.6c9.4 9.4 24.6 9.4 33.9 0l136-136c9.4-9.2 9.4-24.4 0-33.8z\"><\/path><\/svg>\t\t\t<\/span>\n\t\t\t\t\t\t\t\t\t<span class=\"elementor-button-text\">Ses Tenues<\/span>\n\t\t\t\t\t<\/span>\n\t\t\t\t\t<\/a>\n\t\t\t\t<\/div>\n\t\t\t\t\t\t\t\t<\/div>\n\t\t\t\t<\/div>\n\t\t\t\t<div class=\"elementor-element elementor-element-13aa442d elementor-widget elementor-widget-button\" data-id=\"13aa442d\" data-element_type=\"widget\" data-widget_type=\"button.default\">\n\t\t\t\t<div class=\"elementor-widget-container\">\n\t\t\t\t\t\t\t\t\t<div class=\"elementor-button-wrapper\">\n\t\t\t\t\t<a class=\"elementor-button elementor-button-link elementor-size-sm\" href=\"http:\/\/royale-confrerie-maitrank.be\/index.php\/la-confrerie\/chanson-de-la-confrerie\/\">\n\t\t\t\t\t\t<span class=\"elementor-button-content-wrapper\">\n\t\t\t\t\t\t<span class=\"elementor-button-icon\">\n\t\t\t\t<svg aria-hidden=\"true\" class=\"e-font-icon-svg e-fas-angle-double-right\" viewBox=\"0 0 448 512\" xmlns=\"http:\/\/www.w3.org\/2000\/svg\"><path d=\"M224.3 273l-136 136c-9.4 9.4-24.6 9.4-33.9 0l-22.6-22.6c-9.4-9.4-9.4-24.6 0-33.9l96.4-96.4-96.4-96.4c-9.4-9.4-9.4-24.6 0-33.9L54.3 103c9.4-9.4 24.6-9.4 33.9 0l136 136c9.5 9.4 9.5 24.6.1 34zm192-34l-136-136c-9.4-9.4-24.6-9.4-33.9 0l-22.6 22.6c-9.4 9.4-9.4 24.6 0 33.9l96.4 96.4-96.4 96.4c-9.4 9.4-9.4 24.6 0 33.9l22.6 22.6c9.4 9.4 24.6 9.4 33.9 0l136-136c9.4-9.2 9.4-24.4 0-33.8z\"><\/path><\/svg>\t\t\t<\/span>\n\t\t\t\t\t\t\t\t\t<span class=\"elementor-button-text\">Sa Chanson<\/span>\n\t\t\t\t\t<\/span>\n\t\t\t\t\t<\/a>\n\t\t\t\t<\/div>\n\t\t\t\t\t\t\t\t<\/div>\n\t\t\t\t<\/div>\n\t\t\t\t\t<\/div>\n\t\t\t\t<\/div>\n\t\t\t\t<\/div>\n\t\t","protected":false},"excerpt":{"rendered":"<p>L&rsquo;Histoire de la Confr\u00e9rie De l\u2019origine \u00e0 la fondation En 1947, la ville d\u2019ARLON mettait en place une \u201c Commission communale des F\u00eates \u201c qui \u00e9tait charg\u00e9e de coordonner les manifestations locales organis\u00e9es par une multitude de soci\u00e9t\u00e9s et groupements patriotiques pour faire oublier \u00e0 la population les affres de la guerre. En 1955, Ren\u00e9 [&hellip;]<\/p>\n","protected":false},"author":1,"featured_media":0,"parent":264,"menu_order":0,"comment_status":"closed","ping_status":"closed","template":"","meta":{"_acf_changed":false,"footnotes":""},"class_list":["post-282","page","type-page","status-publish","hentry"],"acf":[],"_links":{"self":[{"href":"https:\/\/royale-confrerie-maitrank.be\/index.php\/wp-json\/wp\/v2\/pages\/282","targetHints":{"allow":["GET"]}}],"collection":[{"href":"https:\/\/royale-confrerie-maitrank.be\/index.php\/wp-json\/wp\/v2\/pages"}],"about":[{"href":"https:\/\/royale-confrerie-maitrank.be\/index.php\/wp-json\/wp\/v2\/types\/page"}],"author":[{"embeddable":true,"href":"https:\/\/royale-confrerie-maitrank.be\/index.php\/wp-json\/wp\/v2\/users\/1"}],"replies":[{"embeddable":true,"href":"https:\/\/royale-confrerie-maitrank.be\/index.php\/wp-json\/wp\/v2\/comments?post=282"}],"version-history":[{"count":34,"href":"https:\/\/royale-confrerie-maitrank.be\/index.php\/wp-json\/wp\/v2\/pages\/282\/revisions"}],"predecessor-version":[{"id":936,"href":"https:\/\/royale-confrerie-maitrank.be\/index.php\/wp-json\/wp\/v2\/pages\/282\/revisions\/936"}],"up":[{"embeddable":true,"href":"https:\/\/royale-confrerie-maitrank.be\/index.php\/wp-json\/wp\/v2\/pages\/264"}],"wp:attachment":[{"href":"https:\/\/royale-confrerie-maitrank.be\/index.php\/wp-json\/wp\/v2\/media?parent=282"}],"curies":[{"name":"wp","href":"https:\/\/api.w.org\/{rel}","templated":true}]}}